ided by 1192.
1090
Calculate the remainder when 529868 is divided by 83.
79
Calculate the remainder when 3806 is divided by 281.
153
Calculate the remainder when 22180 is divided by 148.
128
What is the remainder when 65260 is divided by 146?
144
Calculate the remainder when 24181 is divided by 310.
1
Calculate the remainder when 400207 is divided by 1056.
1039
What is the remainder when 6767 is divided by 3381?
5
Calculate the remainder when 1817224 is divided by 281.
278
Calculate the remainder when 178 is divided by 55.
13
What is the remainder when 3525 is divided by 247?
67
Calculate the remainder when 100345 is divided by 20066.
15
Calculate the remainder when 161334 is divided by 172.
170
Calculate the remainder when 39720 is divided by 968.
32
What is the remainder when 915 is divided by 784?
131
Calculate the remainder when 24655 is divided by 19.
12
What is the remainder when 62685 is divided by 2089?
15
Calculate the remainder when 11339 is divided by 26.
3
What is the remainder when 2608 is divided by 757?
337
Calculate the remainder when 4953363 is divided by 99.
96
Calculate the remainder when 7983 is divided by 3977.
29
What is the remainder when 409631 is divided by 139?
137
Calculate the remainder when 7702 is divided by 641.
10
What is the remainder when 19801 is divided by 126?
19
What is the remainder when 7793 is divided by 6205?
1588
Calculate the remainder when 33805 is divided by 64.
13
What is the remainder when 14242 is divided by 137?
131
Calculate the remainder when 10843 is divided by 327.
52
What is the remainder when 49146 is divided by 121?
20
What is the remainder when 23095 is divided by 349?
61
What is the remainder when 1520 is divided by 362?
72
Calculate the remainder when 775284 is divided by 1303.
1302
What is the remainder when 3720 is divided by 71?
28
Calculate the remainder when 3230 is divided by 71.
35
Calculate the remainder when 16228 is divided by 451.
443
Calculate the remainder when 241662 is divided by 1209.
1071
What is the remainder when 3571 is divided by 72?
43
Calculate the remainder when 34240 is divided by 212.
108
What is the remainder when 238269 is divided by 68?
65
What is the remainder when 10235 is divided by 150?
35
What is the remainder when 861585 is divided by 252?
249
What is the remainder when 369 is divided by 130?
109
What is the remainder when 23787 is divided by 183?
180
Calculate the remainder when 6696 is divided by 88.
8
Calculate the remainder when 786 is divided by 678.
108
What is the remainder when 1083 is divided by 22?
5
What is the remainder when 48760 is divided by 1134?
1132
What is the remainder when 8868 is divided by 152?
52
What is the remainder when 1577922 is divided by 919?
918
Calculate the remainder when 800 is divided by 57.
2
Calculate the remainder when 354452 is divided by 177205.
42
What is the remainder when 8644 is divided by 858?
64
Calculate the remainder when 18937 is divided by 128.
121
What is the remainder when 29681 is divided by 14816?
49
What is the remainder when 14212 is divided by 183?
121
Calculate the remainder when 67666 is divided by 67659.
7
What is the remainder when 8710 is divided by 26?
0
What is the remainder when 6226 is divided by 31?
26
Calculate the remainder when 1230 is divided by 326.
252
What is the remainder when 10533 is divided by 480?
453
What is the remainder when 5194 is divided by 1294?
18
What is the remainder when 17997 is divided by 546?
525
Calculate the remainder when 1331 is divided by 333.
332
Calculate the remainder when 20689 is divided by 2937.
130
What is the remainder when 41654 is divided by 11?
8
What is the remainder when 15242 is divided by 518?
220
What is the remainder when 93059 is divided by 9?
8
What is the remainder when 589 is divided by 475?
114
What is the remainder when 3403 is divided by 436?
351
Calculate the remainder when 16079 is divided by 1458.
41
Calculate the remainder when 5748 is divided by 695.
188
Calculate the remainder when 50368 is divided by 121.
32
What is the remainder when 67569 is divided by 113?
108
Calculate the remainder when 48559 is divided by 16182.
13
What is the remainder when 33380 is divided by 129?
98
Calculate the remainder when 29984 is divided by 14987.
10
What is the remainder when 5758 is divided by 208?
142
What is the remainder when 2143 is divided by 2143?
0
What is the remainder when 3620131 is divided by 891?
889
Calculate the remainder when 4842 is divided by 1602.
36
What is the remainder when 6840 is divided by 644?
400
What is the remainder when 6002 is divided by 2857?
288
Calculate the remainder when 60529 is divided by 1235.
14
What is the remainder when 86277 is divided by 219?
210
What is the remainder when 201598 is divided by 40317?
13
What is the remainder when 2908 is divided by 469?
94
Calculate the remainder when 4223 is divided by 383.
10
What is the remainder when 4006 is divided by 1247?
265
Calculate the remainder when 54823 is divided by 18264.
31
What is the remainder when 1299025 is divided by 47?
39
Calculate the remainder when 50565 is divided by 903.
900
Calculate the remainder when 3152 is divided by 4.
0
Calculate the remainder when 73429 is divided by 36700.
29
Calculate the remainder when 65025 is divided by 2032.
1
Calculate the remainder when 22 is divided by 16.
6
What is the remainder when 24031 is divided by 32?
31
What is the remainder when 133581 is divided by 106?
21
Calculate the remainder when 853972 is divided by 23080.
12
What is the remainder when 324557 is divided by 6?
5
What is the remainder when 2979 is divided by 480?
99
Calculate the remainder when 62223 is divided by 31101.
21
What is the remainder when 56763 is divided by 112?
91
What is the remainder when 2690779 is divided by 365?
364
What is the remainder when 3483 is divided by 116?
3
Calculate the remainder when 8174 is divided by 1296.
398
Calculate the remainder when 143921 is divided by 285.
281
What is the remainder when 42622 is divided by 160?
62
What is the remainder when 1205 is divided by 23?
9
What is the remainder when 108422 is divided by 108413?
9
Calculate the remainder when 547518 is divided by 232.
230
Calculate the remainder when 2808 is divided by 375.
183
What is the remainder when 26216 is divided by 115?
111
What is the remainder when 1195 is divided by 97?
31
What is the remainder when 5480 is divided by 7?
6
What is the remainder when 8101 is divided by 66?
49
What is the remainder when 113719 is divided by 12626?
85
Calculate the remainder when 12354 is divided by 149.
136
Calculate the remainder when 509673 is divided by 95.
93
Calculate the remainder when 133957 is divided by 20.
17
Calculate the remainder when 264858 is divided by 349.
316
What is the remainder when 5650 is divided by 627?
7
What is the remainder when 29371 is divided by 7?
6
What is the remainder when 180368 is divided by 21?
20
What is the remainder when 146455 is divided by 1231?
1197
What is the remainder when 16409 is divided by 505?
249
Calculate the remainder when 104665 is divided by 22.
11
What is the remainder when 185579 is divided by 46394?
3
Calculate the remainder when 91566 is divided by 333.
324
Calculate the remainder when 68694 is divided by 23.
16
Calculate the remainder when 87360 is divided by 29119.
3
Calculate the remainder when 9539 is divided by 341.
332
What is the remainder when 8292 is divided by 1974?
396
Calculate the remainder when 2253727 is divided by 102442.
3
Calculate the remainder when 1990 is divided by 99.
10
What is the remainder when 4177 is divided by 2050?
77
What is the remainder when 4825 is divided by 9?
1
What is the remainder when 2290491 is divided by 1084?
1083
What is the remainder when 2340 is divided by 468?
0
What is the remainder when 18499 is divided by 1094?
995
What is the remainder when 23878 is divided by 11916?
46
What is the remainder when 4281 is divided by 481?
433
Calculate the remainder when 1102 is divided by 134.
30
What is the remainder when 3521222 is divided by 25?
22
Calculate the remainder when 16610 is divided by 4152.
2
What is the remainder when 492334 is divided by 208?
206
What is the remainder when 8052 is divided by 624?
564
Calculate the remainder when 1133 